{"id":7751,"date":"2024-06-25T11:19:59","date_gmt":"2024-06-25T14:19:59","guid":{"rendered":"https:\/\/clubedovalor.com.br\/conteudo\/?page_id=7751"},"modified":"2025-09-09T10:45:02","modified_gmt":"2025-09-09T13:45:02","slug":"simulador-de-independencia-financeira","status":"publish","type":"page","link":"https:\/\/clubedovalor.com.br\/conteudo\/simulador-de-independencia-financeira\/","title":{"rendered":"Simulador de Independ\u00eancia Financeira &#8211; captura"},"content":{"rendered":"\t\t<div data-elementor-type=\"wp-page\" data-elementor-id=\"7751\" class=\"elementor elementor-7751\" data-elementor-post-type=\"page\">\n\t\t\t\t<div class=\"elementor-element elementor-element-229c3770 e-con-full e-flex e-con e-parent\" data-id=\"229c3770\" data-element_type=\"container\" data-e-type=\"container\">\n\t\t<div class=\"elementor-element elementor-element-55124da1 e-con-full e-flex e-con e-child\" data-id=\"55124da1\" data-element_type=\"container\" data-e-type=\"container\" data-settings=\"{&quot;background_background&quot;:&quot;classic&quot;}\">\n\t\t\t\t<div class=\"elementor-element elementor-element-2f7a1dec elementor-widget elementor-widget-image\" data-id=\"2f7a1dec\" data-element_type=\"widget\" data-e-type=\"widget\" data-widget_type=\"image.default\">\n\t\t\t\t<div class=\"elementor-widget-container\">\n\t\t\t\t\t\t\t\t\t\t\t\t\t\t\t\t<a href=\"http:\/\/www.clubedovalor.com.br\">\n\t\t\t\t\t\t\t<img decoding=\"async\" width=\"184\" height=\"28\" src=\"https:\/\/clubedovalor.com.br\/net-content\/uploads\/sites\/20\/2024\/06\/LOGO-1.png\" class=\"attachment-large size-large wp-image-7724\" alt=\"\" \/>\t\t\t\t\t\t\t\t<\/a>\n\t\t\t\t\t\t\t\t\t\t\t\t\t\t\t<\/div>\n\t\t\t\t<\/div>\n\t\t\t\t<div class=\"elementor-element elementor-element-1e0502d8 elementor-widget elementor-widget-spacer\" data-id=\"1e0502d8\" data-element_type=\"widget\" data-e-type=\"widget\" data-widget_type=\"spacer.default\">\n\t\t\t\t<div class=\"elementor-widget-container\">\n\t\t\t\t\t\t\t<div class=\"elementor-spacer\">\n\t\t\t<div class=\"elementor-spacer-inner\"><\/div>\n\t\t<\/div>\n\t\t\t\t\t\t<\/div>\n\t\t\t\t<\/div>\n\t\t\t\t<div class=\"elementor-element elementor-element-56aebb86 elementor-widget elementor-widget-heading\" data-id=\"56aebb86\" data-element_type=\"widget\" data-e-type=\"widget\" data-widget_type=\"heading.default\">\n\t\t\t\t<div class=\"elementor-widget-container\">\n\t\t\t\t\t<h1 class=\"elementor-heading-title elementor-size-default\"><b>Simulador de Independ\u00eancia Financeira<\/b><\/h1>\t\t\t\t<\/div>\n\t\t\t\t<\/div>\n\t\t\t\t<div class=\"elementor-element elementor-element-114c62c5 elementor-widget elementor-widget-text-editor\" data-id=\"114c62c5\" data-element_type=\"widget\" data-e-type=\"widget\" data-widget_type=\"text-editor.default\">\n\t\t\t\t<div class=\"elementor-widget-container\">\n\t\t\t\t\t\t\t\t\t<p>Descubra o caminho para alcan\u00e7ar sua independ\u00eancia financeira com nosso Simulador gratuito!<\/p><p>Com ele voc\u00ea poder\u00e1:<\/p><p><!-- notionvc: aedb327c-eb9f-4056-b3ae-fc580f77b14f --><\/p><ol><li>Definir sua renda mensal passiva desejada;<\/li><li>Descobrir o patrim\u00f4nio necess\u00e1rio para gerar essa renda;<\/li><li>Estimar em quanto tempo voc\u00ea alcan\u00e7ar\u00e1 seu objetivo, considerando suas contribui\u00e7\u00f5es mensais e rentabilidade esperada;<\/li><li>Descobrir o tempo em que seu patrim\u00f4nio ir\u00e1 durar de acordo com a sua retirada mensal, na fase de distribui\u00e7\u00e3o.<\/li><\/ol>\t\t\t\t\t\t\t\t<\/div>\n\t\t\t\t<\/div>\n\t\t\t\t<\/div>\n\t\t<div class=\"elementor-element elementor-element-842ba1f e-con-full e-flex e-con e-child\" data-id=\"842ba1f\" data-element_type=\"container\" data-e-type=\"container\" data-settings=\"{&quot;background_background&quot;:&quot;classic&quot;}\">\n\t\t<div class=\"elementor-element elementor-element-e5741f1 e-con-full e-flex e-con e-child\" data-id=\"e5741f1\" data-element_type=\"container\" data-e-type=\"container\" data-settings=\"{&quot;background_background&quot;:&quot;classic&quot;}\">\n\t\t\t\t<div class=\"elementor-element elementor-element-4f595e15 elementor-button-align-stretch elementor-widget elementor-widget-form\" data-id=\"4f595e15\" data-element_type=\"widget\" data-e-type=\"widget\" data-settings=\"{&quot;step_next_label&quot;:&quot;Pr\\u00f3ximo&quot;,&quot;step_previous_label&quot;:&quot;Anterior&quot;,&quot;button_width&quot;:&quot;100&quot;,&quot;step_type&quot;:&quot;number_text&quot;,&quot;step_icon_shape&quot;:&quot;circle&quot;}\" data-widget_type=\"form.default\">\n\t\t\t\t<div class=\"elementor-widget-container\">\n\t\t\t\t\t\t\t<form class=\"elementor-form\" method=\"post\" id=\"planilha_rendimento_fiis\" name=\"inscrito-simulador-independencia-financeira\" aria-label=\"inscrito-simulador-independencia-financeira\">\n\t\t\t<input type=\"hidden\" name=\"post_id\" value=\"7751\"\/>\n\t\t\t<input type=\"hidden\" name=\"form_id\" value=\"4f595e15\"\/>\n\t\t\t<input type=\"hidden\" name=\"referer_title\" value=\"Simulador de Independ\u00eancia Financeira - captura - Materiais Clube do Valor\" \/>\n\n\t\t\t\t\t\t\t<input type=\"hidden\" name=\"queried_id\" value=\"7751\"\/>\n\t\t\t\n\t\t\t<div class=\"elementor-form-fields-wrapper elementor-labels-above\">\n\t\t\t\t\t\t\t\t<div class=\"elementor-field-type-text elementor-field-group elementor-column elementor-field-group-name elementor-col-100 elementor-field-required\">\n\t\t\t\t\t\t\t\t\t\t\t\t<label for=\"form-field-name\" class=\"elementor-field-label\">\n\t\t\t\t\t\t\t\tNome\t\t\t\t\t\t\t<\/label>\n\t\t\t\t\t\t\t\t\t\t\t\t\t\t<input size=\"1\" type=\"text\" name=\"form_fields[name]\" id=\"form-field-name\" class=\"elementor-field elementor-size-sm  elementor-field-textual\" placeholder=\"Seu nome\" required=\"required\">\n\t\t\t\t\t\t\t\t\t\t\t<\/div>\n\t\t\t\t\t\t\t\t<div class=\"elementor-field-type-email elementor-field-group elementor-column elementor-field-group-email elementor-col-100 elementor-field-required\">\n\t\t\t\t\t\t\t\t\t\t\t\t<label for=\"form-field-email\" class=\"elementor-field-label\">\n\t\t\t\t\t\t\t\tE-mail\t\t\t\t\t\t\t<\/label>\n\t\t\t\t\t\t\t\t\t\t\t\t\t\t<input size=\"1\" type=\"email\" name=\"form_fields[email]\" id=\"form-field-email\" class=\"elementor-field elementor-size-sm  elementor-field-textual\" placeholder=\"Seu melhor e-mail\" required=\"required\">\n\t\t\t\t\t\t\t\t\t\t\t<\/div>\n\t\t\t\t\t\t\t\t<div class=\"elementor-field-type-tel elementor-field-group elementor-column elementor-field-group-phone elementor-col-100 elementor-field-required\">\n\t\t\t\t\t\t\t\t\t\t\t\t<label for=\"form-field-phone\" class=\"elementor-field-label\">\n\t\t\t\t\t\t\t\tTelefone\t\t\t\t\t\t\t<\/label>\n\t\t\t\t\t\t<input size=\"1\" type=\"tel\" name=\"form_fields[phone]\" id=\"form-field-phone\" class=\"elementor-field elementor-size-sm  elementor-field-textual lib_intlTelInput\" required=\"required\" title=\"Apenas n\u00fameros e caracteres de telefone (#, -, *, etc.) s\u00e3o aceitos.\"><span id=\"valid-msg\" class=\"hide\"><\/span><span id=\"error-msg\" class=\"hide\"><\/span>\t\t\t\t<\/div>\n\t\t\t\t\t\t\t\t<div class=\"elementor-field-type-aportes elementor-field-group elementor-column elementor-field-group-QUANTO_VOCE_CONSEGUE_POUPAR_POR_MES elementor-col-100 elementor-field-required\">\n\t\t\t\t\t\t\t\t\t\t\t\t<label for=\"form-field-QUANTO_VOCE_CONSEGUE_POUPAR_POR_MES\" class=\"elementor-field-label\">\n\t\t\t\t\t\t\t\tQuanto voc\u00ea tem conseguido poupar mensalmente?\t\t\t\t\t\t\t<\/label>\n\t\t\t\t\t\t<div class=\"elementor-field elementor-select-wrapper remove-before\"><div class=\"select-caret-down-wrapper\"><i aria-hidden=\"true\" class=\"eicon-caret-down\"><\/i><\/div><select type=\"aportes\" name=\"form_fields[QUANTO_VOCE_CONSEGUE_POUPAR_POR_MES]\" id=\"form-field-QUANTO_VOCE_CONSEGUE_POUPAR_POR_MES\" class=\"elementor-field elementor-size-sm  elementor-field-textual elementor-field elementor-size-sm\" required=\"required required\" aria-required=\"true\"><option value=\"\">Selecione...<\/option><option value=\"At\u00e9 R$500\">At\u00e9 R$500<\/option><option value=\"entre R$500 e R$1000\">entre R$500 e R$1000<\/option><option value=\"entre R$1.000 e R$2.500\">entre R$1.000 e R$2.500<\/option><option value=\"entre R$2.500 e R$5.000\">entre R$2.500 e R$5.000<\/option><option value=\"entre R$5.000 e R$10.000\">entre R$5.000 e R$10.000<\/option><option value=\"entre R$10.000 e R$20.000\">entre R$10.000 e R$20.000<\/option><option value=\"acima de R$20.000\">acima de R$20.000<\/option><\/select><\/div>\t\t\t\t<\/div>\n\t\t\t\t\t\t\t\t<div class=\"elementor-field-type-patrimonio_investido elementor-field-group elementor-column elementor-field-group-PATRIMONIO_INVESTIDO elementor-col-100 elementor-field-required\">\n\t\t\t\t\t\t\t\t\t\t\t\t<label for=\"form-field-PATRIMONIO_INVESTIDO\" class=\"elementor-field-label\">\n\t\t\t\t\t\t\t\tValor dispon\u00edvel para investir\t\t\t\t\t\t\t<\/label>\n\t\t\t\t\t\t<div class=\"elementor-field elementor-select-wrapper remove-before\"><div class=\"select-caret-down-wrapper\"><i aria-hidden=\"true\" class=\"eicon-caret-down\"><\/i><\/div><select type=\"patrimonio_investido\" name=\"form_fields[PATRIMONIO_INVESTIDO]\" id=\"form-field-PATRIMONIO_INVESTIDO\" class=\"elementor-field elementor-size-sm  elementor-field-textual elementor-field elementor-size-sm\" required=\"required required\" aria-required=\"true\"><option value=\"\">Selecione...<\/option><option value=\"Menos de R$100 mil\">Menos de R$100 mil<\/option><option value=\"Entre R$100 a R$250 mil\">Entre R$100 a R$250 mil<\/option><option value=\"Entre R$250 a R$500 mil\">Entre R$250 a R$500 mil<\/option><option value=\"Entre R$500 mil a R$1 milh\u00e3o\">Entre R$500 mil a R$1 milh\u00e3o<\/option><option value=\"Entre R$1 a R$5 milh\u00f5es\">Entre R$1 a R$5 milh\u00f5es<\/option><option value=\"Entre R$5 a R$10 milh\u00f5es\">Entre R$5 a R$10 milh\u00f5es<\/option><option value=\"Acima de R$10 milh\u00f5es\">Acima de R$10 milh\u00f5es<\/option><\/select><\/div>\t\t\t\t<\/div>\n\t\t\t\t\t\t\t\t<div class=\"elementor-field-type-select elementor-field-group elementor-column elementor-field-group-ATIVIDADE_PROFISSIONAL elementor-col-100 elementor-field-required\">\n\t\t\t\t\t\t\t\t\t\t\t\t<label for=\"form-field-ATIVIDADE_PROFISSIONAL\" class=\"elementor-field-label\">\n\t\t\t\t\t\t\t\tSua Atua\u00e7\u00e3o Profissional\t\t\t\t\t\t\t<\/label>\n\t\t\t\t\t\t\t\t<div class=\"elementor-field elementor-select-wrapper remove-before \">\n\t\t\t<div class=\"select-caret-down-wrapper\">\n\t\t\t\t<i aria-hidden=\"true\" class=\"eicon-caret-down\"><\/i>\t\t\t<\/div>\n\t\t\t<select name=\"form_fields[ATIVIDADE_PROFISSIONAL]\" id=\"form-field-ATIVIDADE_PROFISSIONAL\" class=\"elementor-field-textual elementor-size-sm\" required=\"required\">\n\t\t\t\t\t\t\t\t\t<option value=\"\">Selecione...<\/option>\n\t\t\t\t\t\t\t\t\t<option value=\"Empres\u00e1rio\">Empres\u00e1rio<\/option>\n\t\t\t\t\t\t\t\t\t<option value=\"Profissional liberal (m\u00e9dico, engenheiro, advogado, etc)\">Profissional liberal (m\u00e9dico, engenheiro, advogado, etc)<\/option>\n\t\t\t\t\t\t\t\t\t<option value=\"Sou funcion\u00e1rio de uma organiza\u00e7\u00e3o\">Sou funcion\u00e1rio de uma organiza\u00e7\u00e3o<\/option>\n\t\t\t\t\t\t\t\t\t<option value=\"Outro\">Outro<\/option>\n\t\t\t\t\t\t\t<\/select>\n\t\t<\/div>\n\t\t\t\t\t\t<\/div>\n\t\t\t\t\t\t\t\t<div class=\"elementor-field-type-acceptance elementor-field-group elementor-column elementor-field-group-ACEITOU_POLTICA_DE_PRIVACIDADE elementor-col-100 elementor-field-required\">\n\t\t\t\t\t\t\t<div class=\"elementor-field-subgroup\">\n\t\t\t<span class=\"elementor-field-option\">\n\t\t\t\t<input type=\"checkbox\" name=\"form_fields[ACEITOU_POLTICA_DE_PRIVACIDADE]\" id=\"form-field-ACEITOU_POLTICA_DE_PRIVACIDADE\" class=\"elementor-field elementor-size-sm  elementor-acceptance-field\" required=\"required\">\n\t\t\t\t<label for=\"form-field-ACEITOU_POLTICA_DE_PRIVACIDADE\">Concordo em receber comunica\u00e7\u00f5es do Clube do Valor e estou ciente e concordo com o Termo de Consentimentos para In\u00edcio de Relacionamento.<\/label>\t\t\t<\/span>\n\t\t<\/div>\n\t\t\t\t\t\t<\/div>\n\t\t\t\t\t\t\t\t<div class=\"elementor-field-type-hidden elementor-field-group elementor-column elementor-field-group-tag elementor-col-100\">\n\t\t\t\t\t\t\t\t\t\t\t\t\t<input size=\"1\" type=\"hidden\" name=\"form_fields[tag]\" id=\"form-field-tag\" class=\"elementor-field elementor-size-sm  elementor-field-textual\" value=\"inscrito-simulador-if\">\n\t\t\t\t\t\t\t\t\t\t\t<\/div>\n\t\t\t\t\t\t\t\t<div class=\"elementor-field-type-hidden elementor-field-group elementor-column elementor-field-group-APLICACAO elementor-col-100\">\n\t\t\t\t\t\t\t\t\t\t\t\t\t<input size=\"1\" type=\"hidden\" name=\"form_fields[APLICACAO]\" id=\"form-field-APLICACAO\" class=\"elementor-field elementor-size-sm  elementor-field-textual\" value=\"beta\">\n\t\t\t\t\t\t\t\t\t\t\t<\/div>\n\t\t\t\t\t\t\t\t<div class=\"elementor-field-group elementor-column elementor-field-type-submit elementor-col-100 e-form__buttons\">\n\t\t\t\t\t<button class=\"elementor-button elementor-size-lg\" type=\"submit\">\n\t\t\t\t\t\t<span class=\"elementor-button-content-wrapper\">\n\t\t\t\t\t\t\t\t\t\t\t\t\t\t\t<span class=\"elementor-button-icon\">\n\t\t\t\t\t\t\t\t\t<i aria-hidden=\"true\" class=\"fas fa-long-arrow-alt-right\"><\/i>\t\t\t\t\t\t\t\t\t\t\t\t\t\t\t\t\t<\/span>\n\t\t\t\t\t\t\t\t\t\t\t\t\t\t\t\t\t\t\t\t\t\t<span class=\"elementor-button-text\">COME\u00c7AR C\u00c1LCULO<\/span>\n\t\t\t\t\t\t\t\t\t\t\t\t\t<\/span>\n\t\t\t\t\t<\/button>\n\t\t\t\t<\/div>\n\t\t\t<\/div>\n\t\t<\/form>\n\t\t\t\t\t\t<\/div>\n\t\t\t\t<\/div>\n\t\t\t\t<div class=\"elementor-element elementor-element-fd9d2dd elementor-widget__width-initial elementor-widget elementor-widget-text-editor\" data-id=\"fd9d2dd\" data-element_type=\"widget\" data-e-type=\"widget\" data-widget_type=\"text-editor.default\">\n\t\t\t\t<div class=\"elementor-widget-container\">\n\t\t\t\t\t\t\t\t\t<p>Usamos cookies para melhorar a sua experi\u00eancia em nossos servi\u00e7os. Ao navegar no nosso site, voc\u00ea concorda com tais condi\u00e7\u00f5es. Para mais informa\u00e7\u00f5es, visite nossa <a href=\"https:\/\/clubedovalor.com.br\/politica-de-privacidade\/\">Pol\u00edtica de Privacidade<\/a>.<\/p><p><a href=\"https:\/\/clubedovalor.com.br\/termo-de-consentimento\/\">Acesse aqui<\/a> o Termo de Consentimentos para In\u00edcio de Relacionamento.<\/p>\t\t\t\t\t\t\t\t<\/div>\n\t\t\t\t<\/div>\n\t\t\t\t<\/div>\n\t\t\t\t<\/div>\n\t\t\t\t<\/div>\n\t\t\t\t<\/div>\n\t\t","protected":false},"excerpt":{"rendered":"<p>Simulador de Independ\u00eancia Financeira Descubra o caminho para alcan\u00e7ar sua independ\u00eancia financeira com nosso Simulador gratuito! Com ele voc\u00ea poder\u00e1: Definir sua renda mensal passiva desejada; Descobrir o patrim\u00f4nio necess\u00e1rio para gerar essa renda; Estimar em quanto tempo voc\u00ea alcan\u00e7ar\u00e1 seu objetivo, considerando suas contribui\u00e7\u00f5es mensais e rentabilidade esperada; Descobrir o tempo em que seu [&hellip;]<\/p>\n","protected":false},"author":65,"featured_media":0,"parent":0,"menu_order":0,"comment_status":"closed","ping_status":"closed","template":"elementor_canvas","meta":{"_acf_changed":false,"footnotes":""},"class_list":["post-7751","page","type-page","status-publish","hentry"],"acf":[],"_links":{"self":[{"href":"https:\/\/clubedovalor.com.br\/conteudo\/wp-json\/wp\/v2\/pages\/7751","targetHints":{"allow":["GET"]}}],"collection":[{"href":"https:\/\/clubedovalor.com.br\/conteudo\/wp-json\/wp\/v2\/pages"}],"about":[{"href":"https:\/\/clubedovalor.com.br\/conteudo\/wp-json\/wp\/v2\/types\/page"}],"author":[{"embeddable":true,"href":"https:\/\/clubedovalor.com.br\/conteudo\/wp-json\/wp\/v2\/users\/65"}],"replies":[{"embeddable":true,"href":"https:\/\/clubedovalor.com.br\/conteudo\/wp-json\/wp\/v2\/comments?post=7751"}],"version-history":[{"count":88,"href":"https:\/\/clubedovalor.com.br\/conteudo\/wp-json\/wp\/v2\/pages\/7751\/revisions"}],"predecessor-version":[{"id":10966,"href":"https:\/\/clubedovalor.com.br\/conteudo\/wp-json\/wp\/v2\/pages\/7751\/revisions\/10966"}],"wp:attachment":[{"href":"https:\/\/clubedovalor.com.br\/conteudo\/wp-json\/wp\/v2\/media?parent=7751"}],"curies":[{"name":"wp","href":"https:\/\/api.w.org\/{rel}","templated":true}]}}